the prime factors of ((-60)/16)/((-381)/(-128) + -3)?
2, 5
Let x(z) = z**3 - 3*z**2 + 4*z - 2. Let t be x(2). Suppose -t*f - 40 = -4*f. List the prime factors of f.
2, 5
What are the prime factors of (-498)/(-3 + 5)*4/(-6)?
2, 83
Suppose 3*u - 58 - 107 = 0. What are the prime factors of u?
5, 11
Let a(g) be the second derivative of g**5/20 + g**3/6 + 7*g**2 + 6*g. What are the prime factors of a(0)?
2, 7
Suppose 10*d = 4*d + 54. List the prime factors of d.
3
Let f(c) = 9*c + 2. List the prime factors of f(7).
5, 13
Suppose -10*i + 1693 = 543. List the prime factors of i.
5, 23
List the prime factors of (-122)/4*(-4 - -2).
61
List the prime factors of 1 + 0 + (-4)/(-1).
5
Let s = 2 + 0. Suppose -2*j - 3 = -j + s*k, -2*j - 5*k - 10 = 0. List the prime factors of j.
5
Let k(t) = -2*t + 3. Suppose 5*o - 9 = 5*z - 4, 0 = 3*z - 6. Suppose -j = o*j + 12. List the prime factors of k(j).
3
Let y = -5 - -7. Let q(x) = -x**3 + 9 - 9*x**y + 9*x**2 - x. What are the prime factors of q(0)?
3
Let n = 2 - -1. Suppose -v = n*s - 6*v + 10, -5*s + 30 = v. Suppose 2*t - s*l - 4 = -0*t, 0 = 4*l. What are the prime factors of t?
2
Suppose 0 = -5*l + 2*c + 310, -3*c + 10 = -c. What are the prime factors of l?
2
Let f be (-6)/39 + 67/13. Suppose 5*z - 235 = -f*k - 0*k, -4*k + 185 = 5*z. Let q = 70 - k. What are the prime factors of q?
2, 5
Let j(l) = 6*l - 1. Let k(x) = 17*x - 2. Let w = 2 + 2. Let q(g) = w*k(g) - 11*j(g). What are the prime factors of q(3)?
3
What are the prime factors of ((-14)/6)/(3/(-108))?
2, 3, 7
Let c(p) = -p + 1. Let w be c(2). Let j be -14 + (-2)/(w + 3). List the prime factors of j/(-6) - 1/(-2).
3
Let d = 2 - 5. Let z(s) = -3*s. Let l(b) = -4*b. Let i(x) = 5*l(x) - 6*z(x). What are the prime factors of i(d)?
2, 3
Let d = 5 - 3. Suppose -4*c - 1 = 4*x + 3, d*x + 3*c + 6 = 0. List the prime factors of x.
3
Let h(i) = -2*i**2 + 9*i. Let d be h(7). What are the prime factors of 4/(-10) + (-539)/d?
3, 5
Suppose 2*h + h + 33 = 0. Let s = 6 + h. List the prime factors of 28/5*s/(-2).
2, 7
List the prime factors of 2432/24 - (-6)/9.
2, 3, 17
Suppose -110 = -5*w + 265. Suppose -4*u + v + 2*v + w = 0, -5*v - 10 = u. Suppose p = -2 + u. List the prime factors of p.
13
Let i(b) = b**3 + 19*b**2 - 16*b - 33. List the prime factors of i(-19).
271
Let u be (8/(-5))/((-12)/30). Suppose -u*s + 60 = -0. List the prime factors of s.
3, 5
Let z = 32 + 23. List the prime factors of z.
5, 11
Suppose q - 17 = 5. Suppose 5*l + 3*r - 22 = 0, 0*l + l - q = -5*r. What are the prime factors of l?
2
Suppose 0 = 10*l - 196 - 304. What are the prime factors of l?
2, 5
Suppose 2*r = -2*m - m + 67, 0 = r + 4*m - 26. List the prime factors of r.
2, 19
What are the prime factors of (-74)/4*(0 - 2)?
37
Let z(u) = -39*u**3 + 11*u**2 + 2*u - 5. Let k(y) = 13*y**3 - 4*y**2 - y + 2. Let c(f) = -8*k(f) - 3*z(f). Let v = -1 - -2. What are the prime factors of c(v)?
13
Suppose 3*d + 3*x = 301 + 377, 4*d = 5*x + 922. What are the prime factors of d?
2, 3, 19
Suppose -9*t + 6*t - 99 = 0. Let m = t + 84. List the prime factors of m.
3, 17
Let s(g) = g**3 + g + 2. Let b be s(0). Suppose 0 = -p - i + 26, -p - 12 = -b*i - 29. List the prime factors of p.
23
Let g be (-4)/(-30) - (-64)/(-30). List the prime factors of 560/(-32)*1*g.
5, 7
Let b(m) = 2*m - 4. Let p be b(4). Suppose p*u - 22 = -3*n, -5*u - 1 = 2*n - 3*n. List the prime factors of n.
2, 3
Let y(k) = k**2 - 2*k - 7. Let t be y(-5). Let r = -13 + t. List the prime factors of r.
3, 5
Let z(c) = c - 4. Let v be z(5). Suppose 0 = k - 3 + v. Suppose 14 = k*n - 4*a, 2*n + 4*a + 0 = 6. List the prime factors of n.
5
Let o(i) = -6 - i**3 + 8*i + 0*i**2 + 6*i**2 + 1. Let m be o(7). Suppose -3*s - 5*d + 60 = 0, -m*s + d + 7 + 33 = 0. List the prime factors of s.
2, 5
What are the prime factors of 512/10 + 6/(-30)?
3, 17
Let n(t) = -t**2 + 8*t + 3. Let b be n(7). Suppose 30 = 4*w + b. Suppose 0 = -4*y - 2*q + 24 + 14, -25 = -3*y - w*q. What are the prime factors of y?
2, 5
Suppose -3 - 3 = -2*y. What are the prime factors of y?
3
Suppose -b = 2*t + 3*b - 70, 5*t + b = 139. What are the prime factors of t?
3
What are the prime factors of 124/(-12)*9/(-3)?
31
Suppose 0*r + r = -3*h + 80, 0 = 4*h + 4*r - 96. List the prime factors of h.
2, 7
Suppose 0*x - 2*x - 14 = 0. List the prime factors of (x - -9)*(-49)/(-2).
7
Let d = -50 + -41. Let z = -51 - d. What are the prime factors of z?
2, 5
Suppose -2*h = -4*k + 172, -4*h = -5*k - 55 + 273. Suppose 13 = 5*z - k. List the prime factors of z.
11
Let w = -49 + 78. What are the prime factors of w?
29
Let z = -3 - -5. List the prime factors of 28*(z/4 + 0).
2, 7
Suppose 8*f = f + 28. What are the prime factors of f?
2
Let t(y) = 2 + 3*y**2 + 0*y**2 + y**3 + y**2. Let q be t(-4). List the prime factors of 3 - 0/(-3 + q).
3
Let z(w) = -w**2 - 13*w - 12. Let h be z(-10). Let a = h + -12. Suppose 0 = l - a - 1. List the prime factors of l.
7
Suppose 0 = 6*r - r + 40. What are the prime factors of (-141)/(-9) - r/(-12)?
3, 5
Let x = 49 - 18. What are the prime factors of x?
31
Suppose -2*k + 4*k + 4*n = 4, -3*k - 4*n + 8 = 0. Let c be 2/(-7) - 12/7. Let i = k - c. List the prime factors of i.
2, 3
Suppose 4*w + 381 = 5*u - 99, -u - 5*w + 67 = 0. Let y = -65 + u. Let t = 40 - y. What are the prime factors of t?
13
Let t = -4 + 38. Let g = t + -19. List the prime factors of g.
3, 5
What are the prime factors of (2031/(-27))/(-1) - 6/27?
3, 5
Let v(p) = -6*p**3 + p + 2*p**2 + 6 - 7 - p. List the prime factors of v(-1).
7
Suppose 1198 = 4*u + 5*o - 3*o, 3*u - 891 = -3*o. What are the prime factors of u?
2, 151
What are the prime factors of 2 - (-120)/(3 + 1)?
2
Let m be (2/5)/(2/20). Suppose m*b + 1 = -3*s + 2*b, 5*b = -10. Suppose s = 5*y - 29. List the prime factors of y.
2, 3
Suppose c + 3*c = 108. List the prime factors of c.
3
Let v = 2 - -1. Suppose p = 5*n - 358, -n = v*n + 2*p - 292. Suppose 6 = -r + 2, -n = -3*d + 3*r. List the prime factors of d.
2, 5
Suppose 0*l = -l + 40. List the prime factors of l.
2, 5
Let o be -2 + 3 + 2 + -53. What are the prime factors of (-1)/2*o/1?
5
Let i(n) = n. Let w(t) = 2*t - 3. Let m(p) = 3*i(p) - w(p). Let f be (15/(-25))/(2/(-10)). List the prime factors of m(f).
2, 3
Let j = -402 - -713. List the prime factors of j.
311
Let t = 46 - 44. List the prime factors of t.
2
Suppose -2*i + 91 + 163 = 4*l, -l - 3*i = -76. What are the prime factors of l?
61
Let w = -13 + 13. Suppose -4*d = o - 16, 4*o - o - 4*d - 16 = w. List the prime factors of o.
2
Let c(s) = -s - 2. Let i = 47 - 34. Let t = 7 - i. List the prime factors of c(t).
2
Let j be (-2 + -1 + 4)*3. Suppose -j*i = 38 - 128. What are the prime factors of i?
2, 3, 5
Suppose 0 = 16*c - 1720 - 1384. List the prime factors of c.
2, 97
Suppose 6*g - 2*g = 0. Let m(r) = -3*r + 6. Let x be m(4). What are the prime factors of (-3 + g)*4/x?
2
Let h be (2*(-4)/1)/(-2). Let f(j) = j**2 + 7*j + 2. Let k be f(-7). Let i = k + h. List the prime factors of i.
2, 3
Let d(i) = -3*i - 5. List the prime factors of d(-9).
2, 11
Let l(o) = 7*o**3 - 2*o**2 - 2. Let c be l(2). Suppose 0 = 5*m - 54 - c. List the prime factors of m.
2, 5
Let y = 1 - 9. Let b be (y/10)/(3/(-1185)). List the prime factors of b/16 + 1/4.
2, 5
List the prime factors of -1 + (1 - -95) - 1.
2, 47
Suppose 4*z - 4*v + 5*v - 229 = 0, 87 = 2*z - 5*v. List the prime factors of z.
2, 7
Let a(t) be the third derivative of -t**6/40 + t**5/60 - t**4/12 - 2*t**2. What are the prime factors of a(-2)?
2
Let w(a) = 55*a**3 + 2*a - 1. List the prime factors of w(1).
2, 7
What are the prime factors of (-1216)/(-88) + (-4)/(-22)?
2, 7
Suppose 0 = 2*x + 46 + 24. Let k = -11 - x. What are the prime factors of k?
2, 3
Suppose -5*p - 31 = -3*f - p, 2*f = 2*p + 18. Let z = 2 - 1. Let r = z + f. What are the prime factors of r?
2, 3
Let g = 2 + 1. Let d = -1 - -2. Let z = g - d. What are the prime factors of z?
2
Suppose 3*i = -328 - 26. Let l = i + 181. List the prime factors of (-14)/l - 20/(-9).
2
Suppose -4*l + 66 = 3*z, 2*z + 2*l - 44 = l. Let i = z - 6. What are the prime factors of i?
2
Let h(u) = u**3 + 6*u**2 - 3*u + 2. Let t = 21 - 26. What are the prime factors of h(t)?
2, 3, 7
Let r be (-2 - 6)*1/(-2). Let t = 7 - r. What are the prime factors of t?
3
Let n = 